2 and 21584928?
24
Calculate the greatest common divisor of 7760 and 400.
80
What is the highest common factor of 9162 and 106291925?
509
What is the greatest common divisor of 36 and 634916979?
9
Calculate the greatest common divisor of 800198 and 3631208.
854
What is the highest common divisor of 24977148 and 2380?
476
Calculate the highest common factor of 2462366 and 10258.
446
Calculate the greatest common divisor of 5796 and 14242244.
92
What is the highest common divisor of 260534202 and 12006?
4002
What is the greatest common divisor of 1200 and 7161864?
24
What is the greatest common factor of 27 and 224195841?
9
What is the highest common divisor of 2856510 and 43010?
170
What is the greatest common factor of 17749692 and 73224?
324
Calculate the highest common divisor of 144 and 13764996.
36
What is the highest common divisor of 293669 and 120879?
37
Calculate the highest common divisor of 1305 and 966855.
15
What is the greatest common divisor of 95 and 441405?
5
Calculate the greatest common divisor of 83142 and 35394.
6
Calculate the greatest common factor of 1068718 and 106306.
46
Calculate the highest common factor of 1636 and 5269147.
409
What is the greatest common factor of 11808940 and 1040?
260
Calculate the highest common factor of 2656612 and 5334.
14
Calculate the greatest common divisor of 139266886 and 14410.
2882
Calculate the highest common factor of 382754120 and 280.
280
Calculate the greatest common factor of 2430891 and 76707.
81
What is the highest common divisor of 155 and 3485905?
5
Calculate the greatest common factor of 18 and 10486926.
18
Calculate the greatest common divisor of 70 and 12902785.
35
What is the highest common factor of 90860 and 29414?
154
Calculate the highest common divisor of 211227 and 748254.
543
Calculate the greatest common factor of 149014010 and 115.
115
Calculate the greatest common factor of 48 and 1097104.
16
Calculate the highest common factor of 7427 and 1337431879.
7427
What is the highest common divisor of 598 and 301797352?
46
Calculate the highest common divisor of 1473468619 and 6601.
6601
What is the greatest common factor of 13209631 and 151?
151
What is the greatest common factor of 22110 and 4066350?
30
What is the highest common factor of 455708 and 264?
44
What is the highest common factor of 669757630 and 30?
10
What is the highest common factor of 42017 and 797?
1
Calculate the highest common factor of 132 and 15445386.
66
What is the highest common divisor of 73042 and 221602?
1238
What is the highest common factor of 4914 and 169953?
21
What is the greatest common divisor of 115759581 and 126?
21
What is the highest common factor of 33020 and 50276252?
6604
What is the greatest common factor of 10123 and 2449193?
191
What is the greatest common divisor of 643 and 21898651?
643
Calculate the greatest common factor of 12432 and 399670152.
6216
What is the highest common factor of 106266 and 4806?
534
Calculate the highest common factor of 224 and 52346.
14
What is the greatest common divisor of 2343 and 84112919?
781
What is the greatest common factor of 2118 and 2762931?
1059
What is the greatest common divisor of 122077 and 2478447?
2839
Calculate the highest common factor of 4735447 and 989.
23
What is the greatest common factor of 3089583 and 126?
63
What is the greatest common divisor of 96187468 and 104?
52
What is the highest common divisor of 57373868 and 184?
92
What is the highest common factor of 390524918 and 2091?
697
What is the highest common factor of 5020 and 1196768?
1004
What is the greatest common factor of 2705670 and 3015410?
9110
What is the highest common factor of 7261371 and 8268?
2067
What is the greatest common divisor of 248 and 721838968?
248
Calculate the greatest common divisor of 1067175 and 17.
17
What is the highest common divisor of 295806 and 546?
42
Calculate the greatest common divisor of 3640930 and 107659.
541
Calculate the highest common divisor of 1444 and 212876.
76
What is the highest common factor of 7317634 and 46?
46
What is the highest common divisor of 71518948 and 16?
4
What is the highest common divisor of 44205 and 7455?
105
What is the greatest common factor of 5382 and 88458?
138
What is the greatest common factor of 17792454 and 387?
129
Calculate the greatest common divisor of 47101888 and 128.
64
Calculate the highest common divisor of 236551 and 45073.
329
What is the highest common factor of 1269 and 1970616?
141
What is the greatest common divisor of 306 and 352440?
18
What is the highest common divisor of 48792063 and 3525?
141
What is the highest common divisor of 20224 and 1262104?
632
What is the highest common factor of 9087 and 7898001?
699
Calculate the greatest common divisor of 1049 and 507492563.
1049
Calculate the highest common divisor of 39 and 60760531.
13
What is the greatest common factor of 221819 and 909311?
1469
Calculate the highest common divisor of 1470233738 and 46.
46
Calculate the greatest common factor of 95 and 270769.
19
What is the highest common factor of 612 and 1480972?
68
What is the greatest common divisor of 11518458 and 492?
246
What is the greatest common divisor of 714 and 35658231?
357
Calculate the highest common divisor of 216378 and 20430.
18
Calculate the greatest common divisor of 17760288 and 399.
399
Calculate the highest common divisor of 93972 and 17364.
12
What is the highest common divisor of 256 and 189352?
8
Calculate the greatest common divisor of 405 and 231073965.
405
Calculate the greatest common factor of 2097 and 1058.
1
What is the greatest common factor of 98982 and 3921723?
351
Calculate the greatest common factor of 293977428 and 2148.
2148
Calculate the highest common divisor of 189 and 917777.
7
What is the greatest common divisor of 586015375 and 1375?
1375
What is the highest common divisor of 394 and 132950?
2
Calculate the highest common divisor of 3900 and 213464550.
1950
Calculate the greatest common factor of 3766 and 65408.
14
What is the greatest common factor of 1409675 and 61377?
499
What is the greatest common factor of 25029 and 1011357?
927
What is the greatest common divisor of 342240 and 9968360?
1240
Calculate the greatest common factor of 34365580 and 386.
386
Calculate the highest common factor of 155 and 17790001.
31
Calculate the greatest common divisor of 86240256 and 9218.
838
Calculate the greatest common factor of 11649134 and 3304.
14
What is the highest common divisor of 559892 and 17236?
556
What is the greatest common divisor of 360 and 369560?
40
Calculate the highest common factor of 31962 and 49602.
42
Calculate the greatest common factor of 36138 and 2244.
6
What is the highest common divisor of 65363 and 24461?
401
What is the greatest common divisor of 5435772 and 10524?
12
Calculate the highest common divisor of 2231 and 95686232.
97
Calculate the greatest common divisor of 4807 and 51293749.
437
Calculate the highest common factor of 26082 and 87796359.
4347
What is the highest common divisor of 12116969 and 10?
1
What is the highest common divisor of 644205 and 681725?
335
Calculate the greatest common factor of 14120 and 161960.
40
What is the highest common factor of 1988 and 200859?
71
Calculate the highest common factor of 3019608 and 1088.
136
What is the highest common factor of 25042136 and 9016?
392
What is the highest common divisor of 2298 and 183588?
6
What is the highest common factor of 190743 and 147777?
651
What is the highest common divisor of 3153976 and 75208?
952
What is the highest common factor of 275192 and 10168?
328
What is the highest common factor of 131495755 and 40?
5
Calculate the greatest common divisor of 9534846 and 114.
114
Calculate the greatest common divisor of 120 and 43785210.
30
Calculate the greatest common divisor of 13849400 and 300.
100
Calculate the highest common factor of 10887990 and 255.
255
Calculate the greatest common divisor of 78948 and 300968.
68
Calculate the highest common divisor of 558267960 and 10.
10
What is the greatest common divisor of 15098159 and 19057?
1003
What is the greatest common divisor of 11618 and 111814?
74
Calculate the highest common divisor of 22240 and 98180.
20
What is the greatest common factor of 45731 and 542850?
329
